lse
Is 95356393 prime?
False
Is 3286587 a prime number?
False
Is 485664994 prime?
False
Is 19121507 composite?
True
Is 1459561 composite?
True
Is 117199741 composite?
True
Is 124250053 composite?
False
Is 86573089 a composite number?
True
Is 52928461 a composite number?
False
Is 91487167 prime?
False
Is 4697369 a prime number?
True
Is 22257407 composite?
True
Is 2663887 composite?
False
Is 9649811 composite?
True
Is 128621971 composite?
True
Is 83629277 a prime number?
True
Is 303341 a composite number?
False
Is 4254343 composite?
True
Is 601675495 composite?
True
Is 172910861 a composite number?
False
Is 138196427 a composite number?
False
Is 1197177 composite?
True
Is 1333963 prime?
True
Is 1106741 a composite number?
False
Is 7903739 prime?
False
Is 6707173 a composite number?
True
Is 933019 prime?
True
Is 50590373 a prime number?
True
Is 24345031 composite?
False
Is 2076551 prime?
False
Is 49398829 prime?
True
Is 642134249 prime?
True
Is 210254991 a composite number?
True
Is 26291381 composite?
False
Is 21596591 composite?
True
Is 698641 prime?
True
Is 5354021 composite?
True
Is 3134793 a prime number?
False
Is 63466181 composite?
True
Is 52039817 composite?
True
Is 174004249 composite?
True
Is 50068801 composite?
False
Is 2562881 composite?
False
Is 68251927 a composite number?
True
Is 50136121 a composite number?
True
Is 10952729 prime?
True
Is 20565169 prime?
True
Is 26968351 a prime number?
False
Is 6866493 prime?
False
Is 242941 prime?
False
Is 538579729 a prime number?
True
Is 17335387 a composite number?
True
Is 410151971 prime?
True
Is 6180731 prime?
True
Is 1152191 a prime number?
False
Is 15332833 composite?
False
Is 19976651 a composite number?
True
Is 601042159 composite?
False
Is 48683951 a composite number?
False
Is 4228141 prime?
True
Is 57913 composite?
True
Is 266570497 a composite number?
False
Is 164129 composite?
True
Is 31109321 prime?
True
Is 2455091 a prime number?
True
Is 12427603 a prime number?
True
Is 15697973 a prime number?
False
Is 30881 prime?
True
Is 3745783 a composite number?
False
Is 156939581 a composite number?
False
Is 1118198 a prime number?
False
Is 51703453 a prime number?
True
Is 5685149 a prime number?
True
Is 5019659 composite?
False
Is 14375447 prime?
True
Is 3916609 a composite number?
False
Is 618617 prime?
False
Is 25670633 a composite number?
True
Is 54093151 a prime number?
False
Is 7299109 composite?
False
Is 108725857 a composite number?
True
Is 195017891 composite?
False
Is 15239669 composite?
False
Is 10132693 a prime number?
False
Is 18449101 a prime number?
False
Is 423649 a composite number?
False
Is 483757427 composite?
True
Is 28189319 composite?
True
Is 10099671 a composite number?
True
Is 1064653 a composite number?
False
Is 11177567 prime?
False
Is 6106879 a prime number?
True
Is 52017341 a prime number?
False
Is 1011289 prime?
True
Is 717952393 a prime number?
False
Is 130989857 composite?
True
Is 279855757 prime?
False
Is 14988877 a prime number?
False
Is 640166323 prime?
False
Is 651302669 a prime number?
True
Is 5527721 prime?
True
Is 23306551 composite?
True
Is 49990883 a prime number?
False
Is 37591621 a composite number?
False
Is 19750747 a prime number?
False
Is 3319213 prime?
False
Is 39765709 prime?
True
Is 6262331 a composite number?
True
Is 359747 prime?
True
Is 14198701 composite?
True
Is 24648191 composite?
False
Is 26341243 prime?
True
Is 1444957 composite?
False
Is 14347481 a prime number?
True
Is 1087231 a composite number?
False
Is 824431 a prime number?
False
Is 48768473 composite?
True
Is 1962637 a prime number?
True
Is 326173013 composite?
False
Is 32006329 a composite number?
True
Is 767537 a composite number?
False
Is 462487719 prime?
False
Is 20370749 composite?
True
Is 899233 prime?
True
Is 1794980969 composite?
False
Is 13688269 composite?
True
Is 44259871 a composite number?
False
Is 3506681 a prime number?
False
Is 26721537 a prime number?
False
Is 8645303 prime?
False
Is 331240165 composite?
True
Is 18582497 a composite number?
True
Is 94526687 a composite number?
True
Is 28389157 prime?
True
Is 8273053 prime?
False
Is 587255147 a prime number?
True
Is 80393 a prime number?
False
Is 25590119 a prime number?
False
Is 104975963 prime?
True
Is 18935081 composite?
True
Is 7379821 a composite number?
True
Is 1006544447 a prime number?
True
Is 9249727 a composite number?
True
Is 15449803 prime?
False
Is 237649157 a prime number?
True
Is 20258863 composite?
False
Is 853873 prime?
True
Is 17435053 composite?
True
Is 31278001 a prime number?
True
Is 637151 prime?
False
Is 137551 prime?
False
Is 265562437 prime?
False
Is 56296509 a composite number?
True
Is 3158839 a prime number?
True
Is 39762761 prime?
False
Is 13509857 prime?
True
Is 5561569 a prime number?
False
Is 63503411 a prime number?
False
Is 363618641 prime?
True
Is 1196177 a prime number?
True
Is 673223 a prime number?
True
Is 63738527 a composite number?
False
Is 16374571 composite?
False
Is 310499731 a prime number?
True
Is 133794823 prime?
True
Is 1113649 a prime number?
False
Is 471011323 prime?
True
Is 1930567 composite?
True
Is 6018913 a prime number?
True
Is 2574262 a prime number?
False
Is 316349063 a composite number?
False
Is 7256309 composite?
True
Is 148388467 a composite number?
False
Is 79291 a composite number?
True
Is 34063063 composite?
True
Is 2516957 prime?
True
Is 16208711 a prime number?
True
Is 3129707 a prime number?
False
Is 27399613 prime?
True
Is 301141 a composite number?
False
Is 229285733 a prime number?
False
Is 104973553 composite?
False
Is 1073333 a composite number?
True
Is 1646413 prime?
True
Is 165941409 prime?
False
Is 62461559 composite?
True
Is 43088641 prime?
True
Is 31997057 prime?
False
Is 10135547 prime?
True
Is 300207157 a prime number?
False
Is 29016167 a composite number?
True
Is 1525913 a composite number?
True
Is 38876143 a prime number?
True
Is 363211093 composite?
True
Is 6085103 composite?
False
Is 132408671 a prime number?
True
Is 65179 a composite number?
False
Is 22807 prime?
True
Is 3971005 composite?
True
Is 705413549 a prime number?
False
Is 18288191 a composite number?
False
Is 16324531 prime?
True
Is 195270265 a composite number?
True
Is 6721793 a composite number?
True
Is 39111617 prime?
True
Is 9602441 prime?
True
Is 72180583 prime?
False
Is 172397539 prime?
False
Is 419633 prime?
False
Is 812928823 a prime number?
False
Is 1216681 composite?
False
Is 8401193 a composite number?
False
Is 404671 prime?
True
Is 7289167 composite?
False
Is 206029 prime?
False
Is 4773809 a composite number?
False
Is 2303039 prime?
False
Is 881353567 composite?
False
Is 4985009 a prime number?
False
Is 3290579 composite?
False
Is 523130123 a composite number?
True
Is 41740247 a composite number?
False
Is 85222517 a composite number?
True
Is 22234331 composite?
True
Is 13186051 composite?
True
Is 17662531 composite?
False
Is 16341889 a prime number?
False
Is 1542527 a prime number?
False
Is 91529281 composite?
True
Is 12147529 prime?
True
Is 896989007 composite?
True
Is 8964289 a composite number?
False
Is 341043667 composite?
False
Is 324720677 prime?
True
Is 866893 a composite number?
True
Is 1262428887 a prime number?
False
Is 4343203 composite?
False
Is 4143941 a prime number?
False
Is 131053553 composite?
False
Is 33594727 a prime number?
False
Is 77535377 prime?
False
Is 901541 composite?
True
Is 8077073 composite?
True
Is 87949 composite?
True
Is 1311811 composite?
True
Is 6011639 prime?
True
Is 8020417 prime?
False
Is 5711339 a prime number?
False
Is 309910141 prime?
True
Is 103463533 prime?
False
Is 75611 a prime number?
True
Is 189201823 composite?
True
Is 1059553813 a prime number?
False
Is 13154977 composite?
True
Is 229815247 a prime number?
True
Is 8941339 composite?
True
Is 454327 a composite number?
True
Is 38270537 a composite number?
False
Is 1199113 composite?
True
Is 54669317 prime?
True
Is 1520069 composite?
False
Is 9050827 prime?
True
Is 33237671 a composite number?
True
Is 25477943 a composite number?
False
Is 370193 composite?
False
Is 24957509 a prime number?
False
Is 64405751 composite?
False
Is 61839853 a composite number?
False
Is 17919311 a prime number?
True
Is 36307669 a composite number?
False
Is 10086019 prime?
True
Is 1695